{"id":19,"date":"2014-11-05T22:58:39","date_gmt":"2014-11-05T21:58:39","guid":{"rendered":"http:\/\/themedemos.webmandesign.eu\/modern\/?page_id=19"},"modified":"2023-08-07T13:15:47","modified_gmt":"2023-08-07T11:15:47","slug":"oferta","status":"publish","type":"page","link":"https:\/\/halit.kuchniawielicka.pl\/?page_id=19","title":{"rendered":"Oferta"},"content":{"rendered":"\n<h1 class=\"wp-block-heading\"><strong>Posiady Wielickie<\/strong><\/h1>\n\n\n\n<p>Halit Kuchnia Wielicka organizuje spotkania o r\u00f3\u017cnorakim charakterze i oczekiwaniach Go\u015bci. Tradycyjny wystr\u00f3j naszej restauracji i regionalna kuchnia zapewniaj\u0105 udan\u0105 biesiad\u0119. Pomo\u017cemy Pa\u0144stwu nada\u0107 ka\u017cdemu spotkaniu w\u0142a\u015bciw\u0105 atmosfer\u0119 i kulinarne smaki. Z my\u015bl\u0105 o tym, przygotowali\u015bmy poni\u017csz\u0105 ofert\u0119.<\/p>\n\n\n\n<h3 class=\"wp-block-heading\">PROPOZYCJA MENU<\/h3>\n\n\n\n<h4 class=\"wp-block-heading\">POWITANIE GO\u015aCI PRZEZ RESTAURACJ\u0118<\/h4>\n\n\n\n<p>(kieliszek prosecco \/ kieliszek wina \/ kieliszek w\u00f3dki)<\/p>\n\n\n\n<h4 class=\"wp-block-heading\">PRZYSTAWKA<\/h4>\n\n\n\n<p>\nW\u0119dzony ser z rusztu z boczkiem i \u017curawin\u0105<br>\nPierogowe trojaczki &#8211; pierogi z r\u00f3\u017cnym nadzieniem<br>\nS\u0105decka \u015bliwka w boczku z sosem chrzanowo &#8211; \u017curawinowym\n<\/p>\n\n\n\n<h4 class=\"wp-block-heading\">ZUPA<\/h4>\n\n\n\n<p>\nRozsolanka &#8211; tradycyjny ros\u00f3\u0142 z makaronem<br>\nPolewka piwna &#8211; podawana z w\u0119dzonym twarogiem i boczkiem<br>\nSerwacianka &#8211; \u017curek na bazie serwatki z w\u0119dzonymi w\u0119dlinami, jajkami i tartym chrzanem\n<\/p>\n\n\n\n<h4 class=\"wp-block-heading\">DANIE G\u0141\u00d3WNE<\/h4>\n\n\n\n<p>\nProsionka &#8211; szynka pieczona w soli z sosem \u015bliwkowym podawana<br>\nz kopytkami i sur\u00f3wk\u0105 z czerwonej kapusty<br>\nKap\u0142on z rusztu &#8211; grillowana pier\u015b z kurczaka z sosem z zielonego pieprzu podana z opiekanymi ziemniakami i miksem sa\u0142at z sosem winegret<br>\nStek wielicki &#8211; karczek marynowany w solance z sosem chrzanowo &#8211; \u015bmietanowym podawany<br>\nz opiekanymi ziemniakami oraz sur\u00f3wk\u0105 z kiszonej kapusty<br>\nSchaboszczak g\u00f3rniczy &#8211; kotlet schabowy podawany z t\u0142uczonymi ziemniakami i zasma\u017can\u0105 kapust\u0105\n<\/p>\n\n\n\n<h4 class=\"wp-block-heading\">DESER<\/h4>\n\n\n\n<p>\nDeser \u015bw. Kingi<br>\nDomowa szarlotka\n<\/p>\n\n\n\n<h4 class=\"wp-block-heading\">NAPOJE<\/h4>\n\n\n\n<p>Woda niegazowana z cytryn\u0105 \/ Kawa \/ Herbata \/ Soki owocowe<\/p>\n\n\n\n<h4 class=\"wp-block-heading\">ZAK\u0104SKOWO (ZIMNY BUFET)<\/h4>\n\n\n\n<p>\nP\u00f3\u0142misek mi\u0119s pieczonych i w\u0119dlin<br>\nWielickie babki ze smarowid\u0142ami w trzech smakach (rybna, w\u0105tr\u00f3bkowa, jaja w porach)<br>\nSmalczyk wielicki<br>\nPikle<br>\nSa\u0142atka: jarzynowa \/ ziemniaczana<br>\nPieczywo mieszane\n\t\t\t\t<a href=\"https:\/\/halit.kuchniawielicka.pl\/wp-content\/uploads\/2023\/08\/image009.jpg\" target=\"_self\" itemprop=\"url\" rel=\"noopener\">\n\t\t\t\t<img decoding=\"async\" loading=\"lazy\" src=\"https:\/\/halit.kuchniawielicka.pl\/wp-content\/uploads\/2023\/08\/image009.jpg\" alt=\"image009\" itemprop=\"image\" height=\"1414\" width=\"2121\" title=\"image009\" onerror=\"this.style.display='none'\">\n\t\t\t\t<\/a><\/p>\n\n\n\n<h3 class=\"wp-block-heading\">Cennik<\/h3>\n\n\n\n<p>\n80,00 z\u0142 \/ osoba (zupa, danie g\u0142\u00f3wne, deser, napoje)<br>\n100,00 z\u0142 \/ osoba (przystawka, zupa, danie g\u0142\u00f3wne, deser, napoje)<br>\n140,00 z\u0142 \/ osoba (przystawka, zupa, danie g\u0142\u00f3wne, deser, zimny bufet, napoje)\n<\/p>\n\n\n\n<h3 class=\"wp-block-heading\">ZAPEWNIAMY<\/h3>\n\n\n\n<p>\nParking<br>\nDekoracj\u0119 sto\u0142u (obrusy, serwetki, \u015bwiece)<br>\nK\u0105cik dla dzieci\n<\/p>\n\n\n\n<h3 class=\"wp-block-heading\">DODATKOWE INFORMACJE<\/h3>\n\n\n\n<p>\nPropozycja menu dotyczy uroczysto\u015bci powy\u017cej 10 os\u00f3b doros\u0142ych z ujednoliconym menu dla wszystkich uczestnik\u00f3w imprezy, z wyj\u0105tkiem os\u00f3b wymagaj\u0105cych specjalnej diety.<br>\nPotrawy serwowane s\u0105 w wazach i na p\u00f3\u0142miskach na g\u0142\u00f3wnym biesiadnym stole.<br>\nSerwis talerzowy &#8211; dop\u0142ata kalkulowana indywidualnie.<br>\nOstateczn\u0105 liczb\u0119 Go\u015bci prosimy poda\u0107 na 7 dni przed dat\u0105 organizowanego przyj\u0119cia. B\u0119dzie to liczba Go\u015bci, za kt\u00f3rych pokrywaj\u0105 Pa\u0144stwo koszty.<br>\nDzieci do lat 4 gratis, dzieci 4-12 lat -50% ceny.<\/p>\n","protected":false},"excerpt":{"rendered":"<div class=\"entry-summary\">\n<div class=\"entry-summary\">\nPosiady Wielickie Halit Kuchnia Wielicka organizuje spotkania o r\u00f3\u017cnorakim charakterze i oczekiwaniach&hellip;\n<\/div>\n<div class=\"link-more\"><a href=\"https:\/\/halit.kuchniawielicka.pl\/?page_id=19\" class=\"more-link\">Continue reading<span class=\"screen-reader-text\"> &ldquo;Oferta&rdquo;<\/span>&hellip;<\/a><\/div>\n<\/div>\n<div class=\"link-more\"><a href=\"https:\/\/halit.kuchniawielicka.pl\/?page_id=19\" class=\"more-link\">Continue reading<span class=\"screen-reader-text\"> &ldquo;Oferta&rdquo;<\/span>&hellip;<\/a><\/div>\n","protected":false},"author":7,"featured_media":0,"parent":0,"menu_order":5,"comment_status":"closed","ping_status":"closed","template":"page-template\/_fullwidth.php","meta":[],"acf":[],"_links":{"self":[{"href":"https:\/\/halit.kuchniawielicka.pl\/index.php?rest_route=\/wp\/v2\/pages\/19"}],"collection":[{"href":"https:\/\/halit.kuchniawielicka.pl\/index.php?rest_route=\/wp\/v2\/pages"}],"about":[{"href":"https:\/\/halit.kuchniawielicka.pl\/index.php?rest_route=\/wp\/v2\/types\/page"}],"author":[{"embeddable":true,"href":"https:\/\/halit.kuchniawielicka.pl\/index.php?rest_route=\/wp\/v2\/users\/7"}],"replies":[{"embeddable":true,"href":"https:\/\/halit.kuchniawielicka.pl\/index.php?rest_route=%2Fwp%2Fv2%2Fcomments&post=19"}],"version-history":[{"count":24,"href":"https:\/\/halit.kuchniawielicka.pl\/index.php?rest_route=\/wp\/v2\/pages\/19\/revisions"}],"predecessor-version":[{"id":1713,"href":"https:\/\/halit.kuchniawielicka.pl\/index.php?rest_route=\/wp\/v2\/pages\/19\/revisions\/1713"}],"wp:attachment":[{"href":"https:\/\/halit.kuchniawielicka.pl\/index.php?rest_route=%2Fwp%2Fv2%2Fmedia&parent=19"}],"curies":[{"name":"wp","href":"https:\/\/api.w.org\/{rel}","templated":true}]}}