{"id":1406,"date":"2020-04-06T10:29:46","date_gmt":"2020-04-06T08:29:46","guid":{"rendered":"https:\/\/halit.kuchniawielicka.pl\/?page_id=1406"},"modified":"2023-08-09T10:27:09","modified_gmt":"2023-08-09T08:27:09","slug":"menu","status":"publish","type":"page","link":"https:\/\/halit.kuchniawielicka.pl\/?page_id=1406","title":{"rendered":"MENU"},"content":{"rendered":"\n<h1 class=\"wp-block-heading\">Potrawy podstawowe i sezonowe <\/h1>\n\n\n\n<h1 class=\"wp-block-heading\">czyli co mo\u017cna znale\u017a\u0107 w karcie da\u0144 <\/h1>\n\n\n\n<h1 class=\"wp-block-heading\">Halit Kuchnia Wielicka? <\/h1>\n\n\n\n<p><\/p>\n\n\n\n<h1 class=\"wp-block-heading\"><strong>PrzeK\u0105skowe Smarowid\u0142a<\/strong><\/h1>\n\n\n\n<p><a href=\"https:\/\/halit.kuchniawielicka.pl\/wp-content\/uploads\/2023\/08\/smalczyk.jpg\" target=\"_self\" itemprop=\"url\" rel=\"noopener\">\n\t\t\t\t<img decoding=\"async\" loading=\"lazy\" src=\"https:\/\/halit.kuchniawielicka.pl\/wp-content\/uploads\/2023\/08\/smalczyk-1020x680.jpg\" alt=\"smalczyk\" itemprop=\"image\" height=\"680\" width=\"1020\" title=\"smalczyk\" onerror=\"this.style.display='none'\">\n\t\t\t\t<\/a><\/p>\n\n\n\n<h2 class=\"wp-block-heading\">Smalczyk wielicki<\/h2>\n\n\n\n<p>Smalec wytapiany ze s\u0142oniny, z w\u0119dzonkami i \u015bliwkami podawany z pajd\u0105 chleba wielickiego i swojskim og\u00f3rkiem kiszonym.<\/p>\n\n\n\n<p><a itemprop=\"url\" rel=\"noopener\" href=\"https:\/\/halit.kuchniawielicka.pl\/wp-content\/uploads\/2023\/08\/jaja.jpg\" target=\"_self\"> <img decoding=\"async\" loading=\"lazy\" itemprop=\"image\" height=\"1279\" width=\"1020\" title=\"jaja\" onerror=\"this.style.display='none'\" src=\"https:\/\/halit.kuchniawielicka.pl\/wp-content\/uploads\/2023\/08\/jaja-1020x1279.jpg\" alt=\"jaja\"> <\/a><\/p>\n\n\n\n<h2 class=\"wp-block-heading\">Jaja w porach<\/h2>\n\n\n\n<p>Smarowid\u0142o na bazie por\u00f3w i jaj podawany z pajd\u0105 chleba wielickiego.<a itemprop=\"url\" rel=\"noopener\" href=\"https:\/\/halit.kuchniawielicka.pl\/wp-content\/uploads\/2023\/08\/ryba.jpg\" target=\"_self\"> <\/a><\/p>\n\n\n\n<p><a itemprop=\"url\" rel=\"noopener\" href=\"https:\/\/halit.kuchniawielicka.pl\/wp-content\/uploads\/2023\/08\/ryba.jpg\" target=\"_self\"><img decoding=\"async\" loading=\"lazy\" itemprop=\"image\" height=\"1388\" width=\"1020\" title=\"ryba\" onerror=\"this.style.display='none'\" src=\"https:\/\/halit.kuchniawielicka.pl\/wp-content\/uploads\/2023\/08\/ryba-1020x1388.jpg\" alt=\"ryba\"> <\/a><\/p>\n\n\n\n<h2 class=\"wp-block-heading\">Ryba bez sieci<\/h2>\n\n\n\n<p>Smarowid\u0142o rybne z cebul\u0105 na bazie twarogu podawane z pajd\u0105 chleba wielickiego.<a itemprop=\"url\" rel=\"noopener\" href=\"https:\/\/halit.kuchniawielicka.pl\/wp-content\/uploads\/2023\/08\/miesolubna-1.jpg\" target=\"_self\"> <\/a><\/p>\n\n\n\n<p><a itemprop=\"url\" rel=\"noopener\" href=\"https:\/\/halit.kuchniawielicka.pl\/wp-content\/uploads\/2023\/08\/miesolubna-1.jpg\" target=\"_self\"><img decoding=\"async\" loading=\"lazy\" itemprop=\"image\" height=\"792\" width=\"1020\" title=\"miesolubna\" onerror=\"this.style.display='none'\" src=\"https:\/\/halit.kuchniawielicka.pl\/wp-content\/uploads\/2023\/08\/miesolubna-1-1020x792.jpg\" alt=\"miesolubna\"> <\/a><\/p>\n\n\n\n<h2 class=\"wp-block-heading\">Mi\u0119solubna<\/h2>\n\n\n\n<p>Smarowid\u0142o na bazie mi\u0119sa wo\u0142owego i drobiowego z dodatkiem warzyw z pajd\u0105 chleba wielickiego.<\/p>\n\n\n\n<p><a itemprop=\"url\" rel=\"noopener\" href=\"https:\/\/halit.kuchniawielicka.pl\/wp-content\/uploads\/2023\/08\/zelazo.jpg\" target=\"_self\"><img decoding=\"async\" loading=\"lazy\" itemprop=\"image\" height=\"677\" width=\"1020\" title=\"zelazo\" onerror=\"this.style.display='none'\" src=\"https:\/\/halit.kuchniawielicka.pl\/wp-content\/uploads\/2023\/08\/zelazo-1020x677.jpg\" alt=\"zelazo\"> <\/a><\/p>\n\n\n\n<h2 class=\"wp-block-heading\">\u017belazo z kurnika<\/h2>\n\n\n\n<p>Smarowid\u0142o na bazie w\u0105tr\u00f3bki drobiowej z dodatkiem swojskiego og\u00f3rka kiszonego podawane z pajd\u0105 chleba wielickiego.<\/p>\n\n\n\n<h1 class=\"wp-block-heading\"><strong>PoLewki<\/strong><\/h1>\n\n\n\n<p><a href=\"https:\/\/halit.kuchniawielicka.pl\/wp-content\/uploads\/2023\/08\/serwacianka.jpg\" target=\"_self\" itemprop=\"url\" rel=\"noopener\">\n\t\t\t\t<img decoding=\"async\" loading=\"lazy\" src=\"https:\/\/halit.kuchniawielicka.pl\/wp-content\/uploads\/2023\/08\/serwacianka.jpg\" alt=\"serwacianka\" itemprop=\"image\" height=\"749\" width=\"1092\" title=\"serwacianka\" onerror=\"this.style.display='none'\">\n\t\t\t\t<\/a><\/p>\n\n\n\n<h2 class=\"wp-block-heading\">Serwacianka<\/h2>\n\n\n\n<p>\u017burek na bazie serwatki z w\u0119dzonymi w\u0119dlinami, jajkami i tartym chrzanem podawane z pajd\u0105 chleba wielickiego.<\/p>\n\n\n\n<p><a itemprop=\"url\" rel=\"noopener\" href=\"https:\/\/halit.kuchniawielicka.pl\/wp-content\/uploads\/2023\/08\/kminkowa.jpg\" target=\"_self\"><img decoding=\"async\" loading=\"lazy\" itemprop=\"image\" height=\"653\" width=\"1020\" title=\"kminkowa\" onerror=\"this.style.display='none'\" src=\"https:\/\/halit.kuchniawielicka.pl\/wp-content\/uploads\/2023\/08\/kminkowa-1020x653.jpg\" alt=\"kminkowa\"> <\/a><\/p>\n\n\n\n<h2 class=\"wp-block-heading\">Kminkowa<\/h2>\n\n\n\n<p>Wywar z kminku z dodatkiem warzywnego podawany z grzankami przyrz\u0105dzanymi na ma\u015ble.<\/p>\n\n\n\n<p><a itemprop=\"url\" rel=\"noopener\" href=\"https:\/\/halit.kuchniawielicka.pl\/wp-content\/uploads\/2023\/08\/piwna.jpg\" target=\"_self\"><img decoding=\"async\" loading=\"lazy\" itemprop=\"image\" height=\"733\" width=\"1020\" title=\"piwna\" onerror=\"this.style.display='none'\" src=\"https:\/\/halit.kuchniawielicka.pl\/wp-content\/uploads\/2023\/08\/piwna-1020x733.jpg\" alt=\"piwna\"> <\/a><\/p>\n\n\n\n<h2 class=\"wp-block-heading\">Piwna<\/h2>\n\n\n\n<p>Piwo gotowane z dodatkiem wysma\u017conego boczku i sera w\u0119dzonego podawane z solnym paluchem.<\/p>\n\n\n\n<p><a itemprop=\"url\" rel=\"noopener\" href=\"https:\/\/halit.kuchniawielicka.pl\/wp-content\/uploads\/2023\/08\/rozsolanka.jpg\" target=\"_self\"><img decoding=\"async\" loading=\"lazy\" itemprop=\"image\" height=\"799\" width=\"1020\" title=\"rozsolanka\" onerror=\"this.style.display='none'\" src=\"https:\/\/halit.kuchniawielicka.pl\/wp-content\/uploads\/2023\/08\/rozsolanka-1020x799.jpg\" alt=\"rozsolanka\"> <\/a><\/p>\n\n\n\n<h2 class=\"wp-block-heading\">Rozsolanka<\/h2>\n\n\n\n<p>Tradycyjny ros\u00f3\u0142 z makaronem podawany bez dodatk\u00f3w.<\/p>\n\n\n\n<h1 class=\"wp-block-heading\"><strong>PoSiady Wielickie<\/strong><\/h1>\n\n\n\n<p><a href=\"https:\/\/halit.kuchniawielicka.pl\/wp-content\/uploads\/2023\/08\/krol.jpg\" target=\"_self\" itemprop=\"url\" rel=\"noopener\">\n\t\t\t\t<img decoding=\"async\" loading=\"lazy\" src=\"https:\/\/halit.kuchniawielicka.pl\/wp-content\/uploads\/2023\/08\/krol-1020x677.jpg\" alt=\"krol\" itemprop=\"image\" height=\"677\" width=\"1020\" title=\"krol\" onerror=\"this.style.display='none'\">\n\t\t\t\t<\/a><\/p>\n\n\n\n<h2 class=\"wp-block-heading\">Kr\u00f3l potoku<\/h2>\n\n\n\n<p>Pstr\u0105g zapiekany w soli z ziemniakiem w solnej skorupce podawany z sur\u00f3wk\u0105 z kapusty.<\/p>\n\n\n\n<p><a itemprop=\"url\" rel=\"noopener\" href=\"https:\/\/halit.kuchniawielicka.pl\/wp-content\/uploads\/2023\/08\/prosionka.jpg\" target=\"_self\"><img decoding=\"async\" loading=\"lazy\" itemprop=\"image\" height=\"659\" width=\"1020\" title=\"prosionka\" onerror=\"this.style.display='none'\" src=\"https:\/\/halit.kuchniawielicka.pl\/wp-content\/uploads\/2023\/08\/prosionka-1020x659.jpg\" alt=\"prosionka\"> <\/a><\/p>\n\n\n\n<h2 class=\"wp-block-heading\">Prosionka<\/h2>\n\n\n\n<p> Szynka w\u0119dzona zapiekana w soli z sosem \u015bliwkowy podawana z kopytkami<br> i sur\u00f3wk\u0105 z kapusty. <\/p>\n\n\n\n<p><a itemprop=\"url\" rel=\"noopener\" href=\"https:\/\/halit.kuchniawielicka.pl\/wp-content\/uploads\/2023\/08\/kaplon-1.jpg\" target=\"_self\"><img decoding=\"async\" loading=\"lazy\" itemprop=\"image\" height=\"969\" width=\"776\" title=\"kaplon\" onerror=\"this.style.display='none'\" src=\"https:\/\/halit.kuchniawielicka.pl\/wp-content\/uploads\/2023\/08\/kaplon-1.jpg\" alt=\"kaplon\"> <\/a><\/p>\n\n\n\n<h2 class=\"wp-block-heading\">Kap\u0142on<\/h2>\n\n\n\n<p>Filet w\u0119dzonego kurczaka zapiekany w soli z sosem paprykowym podawany z dukatami g\u00f3rniczymi i<\/p>\n\n\n\n<p>sur\u00f3wk\u0105 z kapusty.<\/p>\n\n\n\n<p><a itemprop=\"url\" rel=\"noopener\" href=\"https:\/\/halit.kuchniawielicka.pl\/wp-content\/uploads\/2023\/08\/pierogi.jpg\" target=\"_self\"> <img decoding=\"async\" loading=\"lazy\" itemprop=\"image\" height=\"439\" width=\"632\" title=\"pierogi\" onerror=\"this.style.display='none'\" src=\"https:\/\/halit.kuchniawielicka.pl\/wp-content\/uploads\/2023\/08\/pierogi-632x439.jpg\" alt=\"pierogi\"> <\/a><\/p>\n\n\n\n<h2 class=\"wp-block-heading\">Pierogi<\/h2>\n\n\n\n<p>Pierogi z mi\u0119sa lub pierogi z kapust\u0105 i grzybami oraz ruskie podawane z omast\u0105.<\/p>\n\n\n\n<p><a itemprop=\"url\" rel=\"noopener\" href=\"https:\/\/halit.kuchniawielicka.pl\/wp-content\/uploads\/2023\/08\/schaboszczak-1.jpg\" target=\"_self\"><img decoding=\"async\" loading=\"lazy\" itemprop=\"image\" height=\"515\" width=\"632\" title=\"schaboszczak\" onerror=\"this.style.display='none'\" src=\"https:\/\/halit.kuchniawielicka.pl\/wp-content\/uploads\/2023\/08\/schaboszczak-1-632x515.jpg\" alt=\"schaboszczak\"> <\/a><\/p>\n\n\n\n<h2 class=\"wp-block-heading\">Schaboszczak g\u00f3rniczy<\/h2>\n\n\n\n<p>Kotlet wieprzowy z t\u0142uczonymi ziemniakami podawany z kapust\u0105 zasma\u017can\u0105.<\/p>\n\n\n\n<h1 class=\"wp-block-heading\"><strong>S\u0142odKo\u015bci<\/strong><\/h1>\n\n\n\n<p><a href=\"https:\/\/halit.kuchniawielicka.pl\/wp-content\/uploads\/2023\/08\/desergornika.jpg\" target=\"_self\" itemprop=\"url\" rel=\"noopener\">\n\t\t\t\t<img decoding=\"async\" loading=\"lazy\" src=\"https:\/\/halit.kuchniawielicka.pl\/wp-content\/uploads\/2023\/08\/desergornika-1020x739.jpg\" alt=\"desergornika\" itemprop=\"image\" height=\"739\" width=\"1020\" title=\"desergornika\" onerror=\"this.style.display='none'\">\n\t\t\t\t<\/a><\/p>\n\n\n\n<h2 class=\"wp-block-heading\">Deser g\u00f3rnika<\/h2>\n\n\n\n<p>Placek dro\u017cd\u017cowy z owocami posypany kruszonk\u0105.<\/p>\n\n\n\n<p><a itemprop=\"url\" rel=\"noopener\" href=\"https:\/\/halit.kuchniawielicka.pl\/wp-content\/uploads\/2023\/08\/deserswkingi.jpg\" target=\"_self\"><img decoding=\"async\" loading=\"lazy\" itemprop=\"image\" height=\"1530\" width=\"1020\" title=\"deserswkingi\" onerror=\"this.style.display='none'\" src=\"https:\/\/halit.kuchniawielicka.pl\/wp-content\/uploads\/2023\/08\/deserswkingi-1020x1530.jpg\" alt=\"deserswkingi\"> <\/a><\/p>\n\n\n\n<h2 class=\"wp-block-heading\">Deser \u015bw. Kingi<\/h2>\n\n\n\n<p>S\u0142odka kopia oczka pier\u015bcienia kr\u00f3lowej na kruchym cie\u015bcie z serkiem, bia\u0142\u0105 czekolad\u0105, rubinowym \u017celem i solnymi orzeszkami.<\/p>\n\n\n\n<p><a itemprop=\"url\" rel=\"noopener\" href=\"https:\/\/halit.kuchniawielicka.pl\/wp-content\/uploads\/2023\/08\/desersztygara-1.jpg\" target=\"_self\"><img decoding=\"async\" loading=\"lazy\" itemprop=\"image\" height=\"1529\" width=\"1020\" title=\"desersztygara\" onerror=\"this.style.display='none'\" src=\"https:\/\/halit.kuchniawielicka.pl\/wp-content\/uploads\/2023\/08\/desersztygara-1-1020x1529.jpg\" alt=\"desersztygara\"> <\/a><\/p>\n\n\n\n<h2 class=\"wp-block-heading\">Deser zmarzni\u0119tego sztygara<\/h2>\n\n\n\n<p>Lody z bit\u0105 \u015bmietan\u0105 i s\u0142onym karmelem.<\/p>\n","protected":false},"excerpt":{"rendered":"<div class=\"entry-summary\">\n<div class=\"entry-summary\">\nPotrawy podstawowe i sezonowe czyli co mo\u017cna znale\u017a\u0107 w karcie da\u0144 Halit&hellip;\n<\/div>\n<div class=\"link-more\"><a href=\"https:\/\/halit.kuchniawielicka.pl\/?page_id=1406\" class=\"more-link\">Continue reading<span class=\"screen-reader-text\"> &ldquo;MENU&rdquo;<\/span>&hellip;<\/a><\/div>\n<\/div>\n<div class=\"link-more\"><a href=\"https:\/\/halit.kuchniawielicka.pl\/?page_id=1406\" class=\"more-link\">Continue reading<span class=\"screen-reader-text\"> &ldquo;MENU&rdquo;<\/span>&hellip;<\/a><\/div>\n","protected":false},"author":7,"featured_media":0,"parent":0,"menu_order":2,"comment_status":"closed","ping_status":"closed","template":"page-template\/_menu.php","meta":[],"acf":[],"_links":{"self":[{"href":"https:\/\/halit.kuchniawielicka.pl\/index.php?rest_route=\/wp\/v2\/pages\/1406"}],"collection":[{"href":"https:\/\/halit.kuchniawielicka.pl\/index.php?rest_route=\/wp\/v2\/pages"}],"about":[{"href":"https:\/\/halit.kuchniawielicka.pl\/index.php?rest_route=\/wp\/v2\/types\/page"}],"author":[{"embeddable":true,"href":"https:\/\/halit.kuchniawielicka.pl\/index.php?rest_route=\/wp\/v2\/users\/7"}],"replies":[{"embeddable":true,"href":"https:\/\/halit.kuchniawielicka.pl\/index.php?rest_route=%2Fwp%2Fv2%2Fcomments&post=1406"}],"version-history":[{"count":42,"href":"https:\/\/halit.kuchniawielicka.pl\/index.php?rest_route=\/wp\/v2\/pages\/1406\/revisions"}],"predecessor-version":[{"id":1720,"href":"https:\/\/halit.kuchniawielicka.pl\/index.php?rest_route=\/wp\/v2\/pages\/1406\/revisions\/1720"}],"wp:attachment":[{"href":"https:\/\/halit.kuchniawielicka.pl\/index.php?rest_route=%2Fwp%2Fv2%2Fmedia&parent=1406"}],"curies":[{"name":"wp","href":"https:\/\/api.w.org\/{rel}","templated":true}]}}